est common divisor of 20 and y?
20
Let j be (6/(-4) + 0)*-2. Suppose -2*w = -j*w + 22. What is the highest common divisor of 2 and w?
2
Let i be (-492)/(-24) + (-6)/4. Let s = -9 + i. What is the greatest common divisor of s and 70?
10
Let n(t) = t**2 + 3*t - 1. Let b be n(-4). Let g = 4 - b. Let x = g + 13. Calculate the greatest common factor of x and 7.
7
Suppose 4*m = -m + 75. What is the highest common factor of 165 and m?
15
Let v = -157 + 276. What is the highest common factor of v and 17?
17
Suppose 3*l - 4*l + f + 21 = 0, 0 = 5*l - 2*f - 93. What is the highest common divisor of 68 and l?
17
Let i be (-23*(-3)/(-3))/(-1). Let r = -45 - -68. Calculate the greatest common factor of r and i.
23
Let f be (-420)/8*(-54)/15. Calculate the greatest common factor of f and 21.
21
Let x(y) = 2*y**2 - 8*y - 3. Let b be x(6). Calculate the highest common factor of 42 and b.
21
Suppose -40 = 233*i - 238*i. What is the greatest common factor of 136 and i?
8
Let k = -1 - -4. Suppose -3*v + 9 = 0, -j + 6 = -k*v - 7. Calculate the greatest common divisor of j and 55.
11
Let v(s) = 4 - 3*s**2 - 5*s + 2*s**2 + 0. Let f be v(-5). Calculate the greatest common divisor of 12 and f.
4
Let t(c) = c**2 - 4. Let q be 2*3/(-6) - 6. Let v be t(q). Suppose -3*k + 3*u = -6, 0*u - 12 = -3*k + u. Calculate the highest common factor of v and k.
5
Let u = -42 - -56. Calculate the greatest common factor of 28 and u.
14
Let d = -6 + 19. Let z = 0 - -4. Let b be 573/z + 2/(-8). What is the greatest common divisor of b and d?
13
Let h = -116 + 81. Let v be h/2*24/(-30). Suppose -s - 2*q = 3*q - 14, -5*s - 2*q = -70. What is the highest common divisor of v and s?
14
Suppose -14 = 3*z + 4*m, m + m = 5*z - 20. Suppose -72 = -z*n - 2*n. Suppose -3*v - v = -8. Calculate the greatest common divisor of v and n.
2
Let q(a) = a**3 - a**2. Let t be q(1). Suppose 8 = x - t*x. Let c be x - 3 - 0/1. Calculate the highest common factor of 55 and c.
5
Let y = -3 + 43. Calculate the greatest common divisor of y and 8.
8
Let x = 62 + -37. What is the greatest common divisor of x and 75?
25
Let d(t) = -t**3 + 4*t**2 + t - 2. Suppose 0 = -8*z + 4*z + 12. Let w be d(z). Let q = 101 - 61. What is the greatest common divisor of w and q?
10
Suppose -s - 6 = -24. Let o(r) = 4*r**2 - 8*r + 4. Let z be 3/(-2 + -1)*-7. Let v be o(z). What is the highest common divisor of v and s?
18
Let t be (-1)/3 + (-224)/(-24). Let v = t + -1. What is the highest common factor of 56 and v?
8
Let c = 66 - 51. Suppose -4*r + r + 30 = 0. What is the greatest common factor of r and c?
5
Let t(v) = v**3 + 5*v**2 - v - 5. Let l be t(3). Let n be (-1 - 1)/(-2) + 15. Calculate the highest common divisor of l and n.
16
Let v = -15 + 26. Let b = 0 + -3. Let l be (-3)/(-1)*(-77)/b. What is the greatest common divisor of l and v?
11
Let y(p) = -15*p - 8. Let x be y(-8). Calculate the greatest common divisor of x and 14.
14
Let s = -9 - -8. Let h(g) = -106*g - 1. Let t be h(s). Suppose 3*y - 15 = -4*p + 33, -p + 5*y = -35. What is the highest common divisor of p and t?
15
Let k(l) = l + 1. Let j be k(-1). Suppose 0 = 4*d - 4*t - 12, -60 = -5*d - 4*t - j*t. What is the highest common divisor of 12 and d?
4
Let v = 49 - 31. Let w(z) = 2*z**2. Let o be w(-1). Calculate the highest common factor of v and o.
2
Let i be -1 - -21 - (0 + 6 - 4). Let w = 372 - 210. Calculate the greatest common divisor of w and i.
18
Suppose -2*s + 47 = -5*r + 8, 0 = s - 2*r - 19. Let v = s + 25. What is the highest common factor of 6 and v?
6
Let r = -6 + 6. Suppose r = -q + 5. Suppose g = 14 - 4. What is the highest common divisor of q and g?
5
Let r = 133 - 82. What is the highest common factor of r and 34?
17
Let w = 182 + -68. What is the greatest common divisor of w and 19?
19
Let k(n) = -16*n - 3. Let q be k(-3). What is the highest common divisor of q and 18?
9
Suppose -f = 2*f - 12. Suppose -5*a - 67 - f = -q, 3*q - 285 = -3*a. Let x = -23 + 36. What is the greatest common divisor of x and q?
13
Let w = 17 - 11. Suppose 5*h - 1 = j, -w*j = -2*j - 2*h - 32. Calculate the greatest common divisor of 72 and j.
9
Let v(j) = -j**3 - 5*j**2 + 5*j - 2. Let p be v(-6). Let t be 4/((-1)/((-10)/p)). Calculate the greatest common factor of t and 10.
10
Let i(s) = -s**3 + 5*s**2 + 8*s + 1. Let r be i(6). Suppose 5*b + r = 4*b - 3*j, 5*j = -25. What is the greatest common factor of b and 20?
2
Suppose -2*s + 24 = 6*s. What is the highest common factor of s and 24?
3
Let m(s) = s**2 + 6*s - 1. Let l be m(-7). What is the highest common factor of l and 2?
2
Let h be (((-6)/(-3))/((-2)/1))/(-1). Calculate the greatest common divisor of 11 and h.
1
Suppose m + 10 - 106 = 0. Let s = 11 - -1. Calculate the highest common divisor of m and s.
12
Let z(b) = -b**2 - 9*b - 1. Let q be z(-8). Let m = 12 - q. Suppose 6*f - 12 = 2*f - 3*j, 0 = -m*f - 4*j + 14. Calculate the highest common divisor of 9 and f.
3
Suppose -12 - 6 = 2*x. Let c = x - -19. Let q be 0 - (-3)/((-3)/(-40)). Calculate the highest common factor of q and c.
10
Suppose -93 = -u + r, -2*r = -5*u - 4*r + 479. Calculate the greatest common factor of u and 38.
19
Let z = 4 + -4. Let d be -5 + 4 + z + 3. Suppose -5*a + 75 = 4*k, 5*a - d*k - 75 = -3*k. Calculate the highest common factor of a and 165.
15
Let t(a) = 2*a**2 - a - 1. Let z be t(-1). Suppose 5*s - z*c - 847 = 0, 4*s - 5*s = -3*c - 159. Calculate the greatest common divisor of s and 19.
19
Suppose 4*v + 28 + 32 = 0. Let q be (-1 - (-2 - -4))*v. What is the greatest common factor of 15 and q?
15
Suppose n + 2*q - 72 = 0, 2*n + q = -2*n + 281. Let z(m) = m - 5. Let v be z(5). Suppose v = 4*l - 4 - 36. What is the highest common divisor of n and l?
10
Suppose 0 = -153*p + 155*p - 54. Suppose 82 = 3*v + s, -3*v + s = -5*v + 55. What is the highest common divisor of v and p?
27
Let n be (8 - -1)*22/(-6). Let k = 49 + n. Let z(i) = -3*i + 7. Let j be z(-3). Calculate the greatest common divisor of j and k.
16
Let i = -3 - -6. Let x be (-15)/1*9/(-5). Calculate the greatest common divisor of i and x.
3
Let o(l) = l + 2. Let d be o(5). Suppose 19 = 3*u + d. Suppose u*m + m = 50. Calculate the highest common divisor of m and 60.
10
Suppose 0*m = 4*m + 8. Let i be 0/5 + (m - -4). Suppose -i*v - 2*y + 274 = 0, -v - v + 4*y + 292 = 0. What is the highest common factor of 20 and v?
20
Suppose o - 81 = -2*o. Let z(r) be the first derivative of r**3/3 + 3*r**2/2 - r + 4. Let w be z(-4). What is the greatest common factor of w and o?
3
Let c be 73*(-3)/(-12) - (-3)/(-12). Calculate the greatest common factor of c and 54.
18
Let p be ((-2)/4)/(1/(-6)). Suppose 0 = -p*i + 89 + 262. Calculate the highest common divisor of i and 13.
13
Suppose 13 = 3*h - 14. Suppose -2*l + 4*z - 22 = 0, 2*l + l = -2*z - h. Let n = l - -7. What is the highest common divisor of 10 and n?
2
Let g(i) = i**3 + 8*i**2 + 1. Let v be (-4)/(-10) + 8/(-20). Suppose -c + v = 7. Let a be g(c). What is the highest common factor of 5 and a?
5
Let v = -27 + 36. What is the highest common divisor of v and 81?
9
Let f(r) = r**3 + 8*r**2 - 9*r + 2. Let i be f(-9). Suppose -2*d + 34 = i*c, 4*d = 2*c + d - 19. What is the highest common divisor of 70 and c?
14
Let q(x) = x + 4. Let t be q(-2). Calculate the greatest common factor of t and 2.
2
Let k be 10 - -1 - (1 - -1). Let q = 3 + 60. Calculate the greatest common divisor of k and q.
9
Suppose -j + 528 = 3*j. Let y = -29 + 41. Calculate the highest common divisor of j and y.
12
Let x be (-40)/(-6)*((-4)/(-20) - -1). Calculate the greatest common factor of x and 20.
4
Suppose -y + 5*y - 93 = -b, 41 = 3*y - 5*b. What is the greatest common divisor of 2 and y?
2
Suppose o - 1 = 9. Suppose 0 = -0*a - 2*a + 50. What is the highest common factor of a and o?
5
Let n be 84 - (0/(-3) + 3). What is the greatest common divisor of n and 9?
9
Let s(g) = -8*g - 1. Let l(a) = a**2 + 7*a + 7. Let p be l(-6). Let u be s(p). Let o be ((-6)/u)/(1/108). What is the highest common factor of o and 8?
8
Let o(j) = j**3 - 6*j**2 + 2*j + 1. Let q be o(6). Suppose 23*f - 22*f - 91 = 0. Calculate the greatest common divisor of f and q.
13
Suppose 60 = 2*v - 5*n, 8*v + 4*n - 64 = 4*v. What is the greatest common divisor of 5 and v?
5
Suppose 2*k = -m + 1, -4*m - m = k 